{"id":703,"date":"2013-09-03T17:51:17","date_gmt":"2013-09-03T17:51:17","guid":{"rendered":"http:\/\/www.letrasdesatendidas.com.ar\/?page_id=703"},"modified":"2015-11-27T18:13:30","modified_gmt":"2015-11-27T18:13:30","slug":"entredichos-3","status":"publish","type":"page","link":"https:\/\/www.letrasdesatendidas.com.ar\/?page_id=703","title":{"rendered":"#EncuentrosLD"},"content":{"rendered":"<h2 style=\"text-align: center;\">\u00bfQu\u00e9 pasa cuando sal\u00eds al encuentro?<\/h2>\n<p><div class=\"video\"><div class=\"video-wrapper\"><iframe loading=\"lazy\" src=\"https:\/\/www.youtube.com\/embed\/jasxlAqTaCA?rel=0&amp;showinfo=0\" width=\"1310\" height=\"737\" frameborder=\"0\" allowfullscreen=\"allowfullscreen\"><\/iframe><\/div><\/div><\/p>\n<div id=\"attachment_854\" style=\"width: 650px\" class=\"wp-caption aligncenter\"><img loading=\"lazy\" decoding=\"async\" aria-describedby=\"caption-attachment-854\" class=\"size-large wp-image-854\" src=\"http:\/\/www.letrasdesatendidas.com.ar\/wp-content\/uploads\/2013\/09\/IMG_78241-1024x683.jpg\" alt=\"&quot;En el encuentro con los que realmente han estado en la guerra del narcotr\u00e1fico aprendes que hay situaciones que para uno deben ser terribles, y para otros son parte de su h\u00e1bitat y su zona de confort. En la elaboraci\u00f3n del trauma algunos ven un significado positivo del conflicto, y crear una visi\u00f3n de la guerra sin catalogarla a m\u00ed me genera una curiosidad enorme.&quot;\" width=\"640\" height=\"427\" srcset=\"https:\/\/www.letrasdesatendidas.com.ar\/wp-content\/uploads\/2013\/09\/IMG_78241-1024x683.jpg 1024w, https:\/\/www.letrasdesatendidas.com.ar\/wp-content\/uploads\/2013\/09\/IMG_78241-300x200.jpg 300w\" sizes=\"auto, (max-width: 640px) 100vw, 640px\" \/><p id=\"caption-attachment-854\" class=\"wp-caption-text\">\u00abEn el encuentro con los que realmente han estado en la guerra del narcotr\u00e1fico aprendes que hay situaciones que para uno deben ser terribles, y para otros son parte de su h\u00e1bitat y su zona de confort. En la elaboraci\u00f3n del trauma algunos ven un significado positivo del conflicto, y crear una visi\u00f3n de la guerra sin catalogarla a m\u00ed me genera una curiosidad enorme.\u00bb<\/p><\/div>\n<p>&nbsp;<\/p>\n<div id=\"attachment_853\" style=\"width: 457px\" class=\"wp-caption aligncenter\"><img loading=\"lazy\" decoding=\"async\" aria-describedby=\"caption-attachment-853\" class=\"size-full wp-image-853\" src=\"http:\/\/www.letrasdesatendidas.com.ar\/wp-content\/uploads\/2013\/09\/Pitu.jpg\" alt=\"&quot;Empec\u00e9 un juego conmigo misma hace poco: cuando me encuentro con alguien no me importa qui\u00e9n es, ni si es hijo de... As\u00ed, al correr al otro de su lugar, tambi\u00e9n me corro a m\u00ed misma de mis ataduras y prejuicios. Me vinculo de otra manera.&quot;\" width=\"447\" height=\"640\" srcset=\"https:\/\/www.letrasdesatendidas.com.ar\/wp-content\/uploads\/2013\/09\/Pitu.jpg 447w, https:\/\/www.letrasdesatendidas.com.ar\/wp-content\/uploads\/2013\/09\/Pitu-210x300.jpg 210w\" sizes=\"auto, (max-width: 447px) 100vw, 447px\" \/><p id=\"caption-attachment-853\" class=\"wp-caption-text\">\u00abEmpec\u00e9 un juego conmigo misma hace poco: cuando me encuentro con alguien no me importa qui\u00e9n es, ni si es hijo de&#8230; As\u00ed, al correr al otro de su lugar, tambi\u00e9n me corro a m\u00ed misma de mis ataduras y prejuicios. Me vinculo de otra manera.\u00bb<\/p><\/div>\n<p>&nbsp;<\/p>\n<div id=\"attachment_842\" style=\"width: 650px\" class=\"wp-caption aligncenter\"><img loading=\"lazy\" decoding=\"async\" aria-describedby=\"caption-attachment-842\" class=\"size-large wp-image-842\" src=\"http:\/\/www.letrasdesatendidas.com.ar\/wp-content\/uploads\/2013\/09\/IMG_5338-1024x757.jpg\" alt=\"&quot;A veces cuando salgo al encuentro me da temor a que me digan que no de una forma inadecuada y me hagan sentir mal. Cuando me dicen que no, tengo que tomar mi tiempo para seguir adelante... y al final eso me hace poner nerviosa&quot;.\" width=\"640\" height=\"473\" srcset=\"https:\/\/www.letrasdesatendidas.com.ar\/wp-content\/uploads\/2013\/09\/IMG_5338-1024x757.jpg 1024w, https:\/\/www.letrasdesatendidas.com.ar\/wp-content\/uploads\/2013\/09\/IMG_5338-300x222.jpg 300w, https:\/\/www.letrasdesatendidas.com.ar\/wp-content\/uploads\/2013\/09\/IMG_5338.jpg 1459w\" sizes=\"auto, (max-width: 640px) 100vw, 640px\" \/><p id=\"caption-attachment-842\" class=\"wp-caption-text\">\u00abA veces cuando salgo al encuentro me da temor a que me digan que no de una forma inadecuada y me hagan sentir mal. Cuando me dicen que no, tengo que tomar mi tiempo para seguir adelante&#8230; y al final eso me hace poner nerviosa\u00bb.<\/p><\/div>\n<p>&nbsp;<\/p>\n<div id=\"attachment_709\" style=\"width: 650px\" class=\"wp-caption aligncenter\"><img loading=\"lazy\" decoding=\"async\" aria-describedby=\"caption-attachment-709\" class=\"size-large wp-image-709\" title=\"Fernando\" src=\"http:\/\/www.letrasdesatendidas.com.ar\/wp-content\/uploads\/2013\/09\/DSC_1473-1024x680.jpg\" alt=\"Fernando - Montevideo y Juncal\" width=\"640\" height=\"425\" srcset=\"https:\/\/www.letrasdesatendidas.com.ar\/wp-content\/uploads\/2013\/09\/DSC_1473-1024x680.jpg 1024w, https:\/\/www.letrasdesatendidas.com.ar\/wp-content\/uploads\/2013\/09\/DSC_1473-300x199.jpg 300w, https:\/\/www.letrasdesatendidas.com.ar\/wp-content\/uploads\/2013\/09\/DSC_1473-630x418.jpg 630w\" sizes=\"auto, (max-width: 640px) 100vw, 640px\" \/><p id=\"caption-attachment-709\" class=\"wp-caption-text\">\u00abNunca hagan lo que en el \u00faltimo momento de su vida se arrepentir\u00edan, pero no dejen de encontrarse.\u00bb<\/p><\/div>\n<p>&nbsp;<\/p>\n<div id=\"attachment_707\" style=\"width: 650px\" class=\"wp-caption aligncenter\"><img loading=\"lazy\" decoding=\"async\" aria-describedby=\"caption-attachment-707\" class=\"size-large wp-image-707\" title=\"Rodrigo y Augusto\" src=\"http:\/\/www.letrasdesatendidas.com.ar\/wp-content\/uploads\/2013\/09\/DSC_14391-1024x656.jpg\" alt=\"Rodrigo (24) y Augusto (23) - Plaza Francia\" width=\"640\" height=\"410\" srcset=\"https:\/\/www.letrasdesatendidas.com.ar\/wp-content\/uploads\/2013\/09\/DSC_14391-1024x656.jpg 1024w, https:\/\/www.letrasdesatendidas.com.ar\/wp-content\/uploads\/2013\/09\/DSC_14391-300x192.jpg 300w, https:\/\/www.letrasdesatendidas.com.ar\/wp-content\/uploads\/2013\/09\/DSC_14391-630x403.jpg 630w\" sizes=\"auto, (max-width: 640px) 100vw, 640px\" \/><p id=\"caption-attachment-707\" class=\"wp-caption-text\">\u00abHay mucha gente que ahora est\u00e1 en su casa con la computadora. Vinimos a la plaza a molestar un rato porque no tenemos ni la casa ni la computadora, pero s\u00ed muchos encuentros.\u00bb<\/p><\/div>\n<p>&nbsp;<\/p>\n<div id=\"attachment_705\" style=\"width: 650px\" class=\"wp-caption aligncenter\"><img loading=\"lazy\" decoding=\"async\" aria-describedby=\"caption-attachment-705\" class=\"size-large wp-image-705\" title=\"Mar\u00eda\" src=\"http:\/\/www.letrasdesatendidas.com.ar\/wp-content\/uploads\/2013\/09\/DSC_1470-1024x680.jpg\" alt=\"Mar\u00eda (69) - Iglesia Las Esclavas\" width=\"640\" height=\"425\" srcset=\"https:\/\/www.letrasdesatendidas.com.ar\/wp-content\/uploads\/2013\/09\/DSC_1470-1024x680.jpg 1024w, https:\/\/www.letrasdesatendidas.com.ar\/wp-content\/uploads\/2013\/09\/DSC_1470-300x199.jpg 300w, https:\/\/www.letrasdesatendidas.com.ar\/wp-content\/uploads\/2013\/09\/DSC_1470-630x418.jpg 630w\" sizes=\"auto, (max-width: 640px) 100vw, 640px\" \/><p id=\"caption-attachment-705\" class=\"wp-caption-text\">\u00abDios es un misterio y con \u00e9l hay que encontrarse. Uno no lo ve, lo siente. Hay que entregarle todos los problemas porque sin \u00c9l no podemos llevar nada.\u00bb<\/p><\/div>\n<p>&nbsp;<\/p>\n<div id=\"attachment_712\" style=\"width: 650px\" class=\"wp-caption aligncenter\"><img loading=\"lazy\" decoding=\"async\" aria-describedby=\"caption-attachment-712\" class=\"size-large wp-image-712\" title=\"Mario\" src=\"http:\/\/www.letrasdesatendidas.com.ar\/wp-content\/uploads\/2013\/09\/DSC_1486-1024x682.jpg\" alt=\"Mario   -  Carnicer\u00eda en Rodr\u00edguez Pe\u00f1a y Las Heras\" width=\"640\" height=\"426\" srcset=\"https:\/\/www.letrasdesatendidas.com.ar\/wp-content\/uploads\/2013\/09\/DSC_1486-1024x682.jpg 1024w, https:\/\/www.letrasdesatendidas.com.ar\/wp-content\/uploads\/2013\/09\/DSC_1486-300x200.jpg 300w, https:\/\/www.letrasdesatendidas.com.ar\/wp-content\/uploads\/2013\/09\/DSC_1486-630x420.jpg 630w\" sizes=\"auto, (max-width: 640px) 100vw, 640px\" \/><p id=\"caption-attachment-712\" class=\"wp-caption-text\">\u00abPara encontrarse bien le dir\u00eda a la gente que tenga comprensi\u00f3n: que cuando uno se equivoc\u00f3, se equivoc\u00f3.\u00bb<\/p><\/div>\n<p>&nbsp;<\/p>\n<div id=\"attachment_732\" style=\"width: 650px\" class=\"wp-caption aligncenter\"><img loading=\"lazy\" decoding=\"async\" aria-describedby=\"caption-attachment-732\" class=\"size-large wp-image-732\" title=\"Danilo Deluca\" src=\"http:\/\/www.letrasdesatendidas.com.ar\/wp-content\/uploads\/2013\/09\/photo1-1024x682.jpg\" alt=\"\" width=\"640\" height=\"426\" srcset=\"https:\/\/www.letrasdesatendidas.com.ar\/wp-content\/uploads\/2013\/09\/photo1-1024x682.jpg 1024w, https:\/\/www.letrasdesatendidas.com.ar\/wp-content\/uploads\/2013\/09\/photo1-300x199.jpg 300w, https:\/\/www.letrasdesatendidas.com.ar\/wp-content\/uploads\/2013\/09\/photo1-630x419.jpg 630w\" sizes=\"auto, (max-width: 640px) 100vw, 640px\" \/><p id=\"caption-attachment-732\" class=\"wp-caption-text\">\u00abLos j\u00f3venes est\u00e1n cada vez m\u00e1s interesados en la pol\u00edtica. S\u00ed, por suerte s\u00ed. Est\u00e1 bueno encontrarse y est\u00e1 bueno discutir.\u00bb<\/p><\/div>\n<p>&nbsp;<\/p>\n<div id=\"attachment_733\" style=\"width: 650px\" class=\"wp-caption aligncenter\"><img loading=\"lazy\" decoding=\"async\" aria-describedby=\"caption-attachment-733\" class=\"size-large wp-image-733\" title=\"Agust\u00edn D\u00edaz Funes\" src=\"http:\/\/www.letrasdesatendidas.com.ar\/wp-content\/uploads\/2013\/09\/photo12-1024x682.jpg\" alt=\"\" width=\"640\" height=\"426\" srcset=\"https:\/\/www.letrasdesatendidas.com.ar\/wp-content\/uploads\/2013\/09\/photo12-1024x682.jpg 1024w, https:\/\/www.letrasdesatendidas.com.ar\/wp-content\/uploads\/2013\/09\/photo12-300x199.jpg 300w, https:\/\/www.letrasdesatendidas.com.ar\/wp-content\/uploads\/2013\/09\/photo12-630x419.jpg 630w\" sizes=\"auto, (max-width: 640px) 100vw, 640px\" \/><p id=\"caption-attachment-733\" class=\"wp-caption-text\">\u00abEn verdad no estoy escuchando m\u00fasica. Me pongo los auriculares solo para tapar los ruidos porque a veces encontrarse con los dem\u00e1s, distrae.\u00bb<\/p><\/div>\n<p>&nbsp;<\/p>\n<div id=\"attachment_798\" style=\"width: 650px\" class=\"wp-caption aligncenter\"><img loading=\"lazy\" decoding=\"async\" aria-describedby=\"caption-attachment-798\" class=\"size-large wp-image-798\" title=\"Gratitud\" src=\"http:\/\/www.letrasdesatendidas.com.ar\/wp-content\/uploads\/2013\/09\/IMG_2204-1-1024x682.jpg\" alt=\"\" width=\"640\" height=\"426\" srcset=\"https:\/\/www.letrasdesatendidas.com.ar\/wp-content\/uploads\/2013\/09\/IMG_2204-1-1024x682.jpg 1024w, https:\/\/www.letrasdesatendidas.com.ar\/wp-content\/uploads\/2013\/09\/IMG_2204-1-300x199.jpg 300w, https:\/\/www.letrasdesatendidas.com.ar\/wp-content\/uploads\/2013\/09\/IMG_2204-1-630x419.jpg 630w\" sizes=\"auto, (max-width: 640px) 100vw, 640px\" \/><p id=\"caption-attachment-798\" class=\"wp-caption-text\">\u00abGratitud, gratitud. Todo encuentro es gratitud.\u00bb<\/p><\/div>\n","protected":false},"excerpt":{"rendered":"<p>\u00bfQu\u00e9 pasa cuando sal\u00eds al encuentro? &nbsp; &nbsp; &nbsp; &nbsp; &nbsp; &nbsp; &nbsp; &nbsp; &nbsp;<\/p>\n","protected":false},"author":1,"featured_media":903,"parent":0,"menu_order":2,"comment_status":"open","ping_status":"closed","template":"","meta":{"footnotes":""},"class_list":["post-703","page","type-page","status-publish","has-post-thumbnail","hentry"],"_links":{"self":[{"href":"https:\/\/www.letrasdesatendidas.com.ar\/index.php?rest_route=\/wp\/v2\/pages\/703","targetHints":{"allow":["GET"]}}],"collection":[{"href":"https:\/\/www.letrasdesatendidas.com.ar\/index.php?rest_route=\/wp\/v2\/pages"}],"about":[{"href":"https:\/\/www.letrasdesatendidas.com.ar\/index.php?rest_route=\/wp\/v2\/types\/page"}],"author":[{"embeddable":true,"href":"https:\/\/www.letrasdesatendidas.com.ar\/index.php?rest_route=\/wp\/v2\/users\/1"}],"replies":[{"embeddable":true,"href":"https:\/\/www.letrasdesatendidas.com.ar\/index.php?rest_route=%2Fwp%2Fv2%2Fcomments&post=703"}],"version-history":[{"count":24,"href":"https:\/\/www.letrasdesatendidas.com.ar\/index.php?rest_route=\/wp\/v2\/pages\/703\/revisions"}],"predecessor-version":[{"id":1106,"href":"https:\/\/www.letrasdesatendidas.com.ar\/index.php?rest_route=\/wp\/v2\/pages\/703\/revisions\/1106"}],"wp:featuredmedia":[{"embeddable":true,"href":"https:\/\/www.letrasdesatendidas.com.ar\/index.php?rest_route=\/wp\/v2\/media\/903"}],"wp:attachment":[{"href":"https:\/\/www.letrasdesatendidas.com.ar\/index.php?rest_route=%2Fwp%2Fv2%2Fmedia&parent=703"}],"curies":[{"name":"wp","href":"https:\/\/api.w.org\/{rel}","templated":true}]}}